. Let a = -14 + 23. Let k be (y/a)/((-2)/6). Calculate q(k).
-3
Suppose 5*v = -4*i - 42, 0 = -0*v + 3*v + i + 21. Let p(q) = -q**2 - 8*q - 9. Calculate p(v).
3
Let q(o) = -o**3 - 3*o**2 - 4*o - 5. Let f be q(-3). Let m(j) = -j**2 + 3*j - 2. Determine m(f).
-30
Let v = 2 + -1. Let x(h) = -4*h**3 - h**2 + h - 1. What is x(v)?
-5
Let r = -4 + 7. Let q = r - 0. Suppose -2*d - c - 4 = -q*c, c - 5 = 0. Let u(y) = -y**2 + 2*y - 1. Calculate u(d).
-4
Suppose 3*g = g - 4. Let j(c) = -5*c**2 - 2*c - 2. Give j(g).
-18
Let r(y) = -y**2 - 3*y - 1. Let b = -6 - -10. Suppose b*s + 35 = -s. Let w = s - -4. Give r(w).
-1
Let c(k) = k + 2. Let z be (-5)/2*(-12)/10. Let i be z/((9/(-4))/(-3)). Suppose -g + i = g. Calculate c(g).
4
Suppose -4*z = 3*i - i, -3*i + 33 = -5*z. Let b = 4 - i. Let f(o) be the second derivative of -5*o**3/6 - o**2 + 3*o. Calculate f(b).
8
Let x = -277 + 278. Suppose -4*t + 15 = t. Let o(r) = -r**2 - r - 2 - t + 6. What is o(x)?
-1
Let u(p) be the first derivative of -p**3/3 + p**2/2 - 3*p - 7. Determine u(3).
-9
Let c = 8 + -3. Let s be (-3 + (2 - 2))/(-1). Let g(f) = 4*f**2 + 6 + 4*f + 0*f**3 - 3*f**3 - f**s + 3*f**3. Calculate g(c).
1
Let b(h) be the second derivative of 5*h**4/12 + h**3/3 - h**2/2 - 4*h. Let n(c) = c**3 + 5*c**2 + 1. Let s be n(-5). Calculate b(s).
6
Let t(l) = 5*l. Suppose 0 = 5*x - 6 - 4. Give t(x).
10
Let z(s) be the second derivative of -s**3/6 + 4*s**2 - 11*s. Calculate z(4).
4
Let p(y) = -y - 1. Let x be p(6). Let v(k) = 6*k**2 + 5*k + 141 - 5*k**2 - 151. Give v(x).
4
Let r(d) = 3*d**2 + 5*d + 2. Let b(f) be the third derivative of f**5/60 + f**4/24 + f**3/6 + 2*f**2. Let a(k) = 4*b(k) - r(k). What is a(3)?
8
Let r(q) = q**2 - 2*q + q - 1 - q**2 - 2*q**3. Give r(-1).
2
Let w(r) be the first derivative of r**3/3 - 1. Calculate w(-1).
1
Let s = 23/24 + -5/8. Let h(n) be the second derivative of 0*n**4 - s*n**3 - 1/20*n**5 - 2*n + 0 - 1/2*n**2. Determine h(-2).
11
Let l(k) = -k + 3 + 0*k**3 + k**2 - 12*k**3 - 4. Determine l(-1).
13
Let s(t) = -32*t**3 + 2*t**2 + 15*t + 13. Let h(k) = 16*k**3 - k**2 - 7*k - 6. Let c(b) = 13*h(b) + 6*s(b). Calculate c(-1).
-16
Suppose 0 = 2*q + 2*q - 16, 2*g - 5*q = -2. Suppose x = 4*x - g. Let d(o) be the first derivative of -o**3/3 + 2*o**2 + o - 1. What is d(x)?
4
Let c(n) be the second derivative of n**6/360 - n**5/24 + n**4/6 - n**3/6 - 2*n. Let x(i) be the second derivative of c(i). Let k = 11 - 7. Give x(k).
0
Let l(o) = -o**2 + 3*o - 4. Suppose -5*d + 25 = b + b, -3*d - 5*b + 34 = 0. Let q be l(d). Let u(z) = 2*z + 5. What is u(q)?
-3
Let g(f) be the second derivative of f**3/3 - 7*f**2/2 + 3*f. Suppose -25 = 2*t - 7*t. What is g(t)?
3
Let g(n) = -n**3 - 3*n**2 + 4*n - 2. Suppose s = 3 + 2. Suppose s*t = -5*u - 30, -7*u + 2 = -3*t - 2*u. Calculate g(t).
-2
Let g(v) = v**3 + 6*v**2 + 5*v - 6. Let w = 73 + -78. Give g(w).
-6
Let p(v) be the first derivative of -v**4/4 - 5*v**3/3 + 4*v + 6. Determine p(-5).
4
Let m be 1*10*4/10. Let y(u) = -u + 6. What is y(m)?
2
Let m(l) = l - 6. Let v be m(-6). Let y be (-2)/(-8) - (-3)/v. Let k = y - 1. Let u(f) = -3*f**2 + 2*f + 1. What is u(k)?
-4
Let c(u) = -u**3 - 6*u**2 + 8*u + 10. Let x be c(-7). Let g(q) = -q - 6*q**x + 2*q**3 + 3*q**3 + 2*q**2 + 2. Calculate g(2).
0
Let h(p) = -p + 5. Let m = 5 + 1. Give h(m).
-1
Let u(l) = -l + 5. Let f(x) be the second derivative of x**5/20 - x**3/6 - 2*x. Let d be f(1). Let p be (4 + -5)*d/(-2). Calculate u(p).
5
Let n(r) be the third derivative of -r**6/120 - r**5/20 + r**4/6 + 15*r**2. Give n(-3).
-12
Let z(j) = -j**2 + 5*j - 2. Let u be z(3). Let t(l) = -2 + u*l**3 - l**2 - 5*l**3 - 3*l - 4*l**2. What is t(-4)?
-6
Let y(k) = 3 - 2*k - 3. Suppose -2*c = -0*c + 2*o + 2, -5*c + 2*o - 26 = 0. Let f be c/5*20/(-8). Calculate y(f).
-4
Let c(m) = 1. Let x(g) = g + 4. Let s(o) = 2*c(o) - x(o). Give s(3).
-5
Let w(a) = 7*a**2 - a. Suppose 2*q + 40 = 5*r, q = r + 1 - 6. Suppose 3*h - h = r. Suppose 5*k - h = -0. Determine w(k).
6
Let r(h) be the second derivative of h**5/20 - h**4/3 + 5*h**2/2 + h. Let k be 20/(-6)*(-18)/15. What is r(k)?
5
Let x(l) = l**2 - 2*l. Let f(g) = g**2 + 15*g + 3. Let m be f(-15). Determine x(m).
3
Suppose 4 = -m - 2*t, -m - 3*t - 33 = -4*m. Let k(j) = 2*j + 2. Let c(d) = 8*d + 9. Let z(f) = m*c(f) - 26*k(f). Calculate z(3).
-10
Suppose -2*x - 9 = -1. Let q(t) = -t**2 - 4*t - 6. Give q(x).
-6
Let o(c) = 15*c**3 + 25*c**2 - 15*c + 13. Let l(q) = 7*q**3 + 12*q**2 - 7*q + 6. Let z(f) = 13*l(f) - 6*o(f). Suppose 65 = 10*p + 125. Give z(p).
6
Let j = 66 + -61. Let t(q) = -q + 11. Determine t(j).
6
Let o = -6 - -9. Let x(w) be the third derivative of w**5/30 - w**4/12 - 2*w**3/3 - 4*w**2. What is x(o)?
8
Let u = -2 - -3. Let p(h) be the third derivative of 1/6*h**3 + h**2 - 1/60*h**5 + 0*h**4 + 0 + 0*h. Calculate p(u).
0
Let j = 5 + -4. Let l(w) be the first derivative of -2*w**2 + w + 2. Give l(j).
-3
Let v(z) = -z**3 - z**2 + z**2 - 3*z**2 + z - 2. Let d be (2 - -1)/((-1)/(-2)). Suppose 2*n + d = -p - 0*p, p + 2 = 0. Determine v(n).
-8
Let z(a) be the first derivative of a**4/4 - 3*a**2/2 + 2*a + 9. Let q = -7 + 12. Let x = q - 3. Calculate z(x).
4
Let j(t) = t**3 + 10*t**2 + 5*t + 9. Let l = 2 - -3. Suppose 0*s + 5 = l*s. Let q(x) = -x**2 - 1. Let w(d) = s*j(d) + 4*q(d). Determine w(-5).
5
Let g be ((-12)/10)/((-3)/90). Suppose -g = -s + 5*s. Let y = -13 - s. Let i(b) = b**3 + 3*b**2 - 3*b - 6. What is i(y)?
-10
Let y(q) = -3*q - 1. Let h be y(1). Let a be (3 + h)/((-1)/(-2)). Let v(n) be the first derivative of -n**2 - 1. Determine v(a).
4
Suppose 22*k - 18*k = 20. Let p(r) = -r**2 + 4*r. Calculate p(k).
-5
Let h(b) = -2*b + 13*b - 1 - 4*b. What is h(1)?
6
Let m(h) = -7*h + 3. Let b(z) = z. Let r(n) = -n - 9. Let u be r(-8). Let y(f) = u*m(f) - 6*b(f). Suppose -4*s + 13 = -3. Give y(s).
1
Let n(a) = -5*a**2 + 6*a - 10. Let x(i) = -i**2 - 1. Let z(o) = n(o) - 4*x(o). Let w(y) = -y**2 + y + 17. Let u be w(4). Calculate z(u).
-1
Let c(s) be the first derivative of -s**4/4 - 2*s**3/3 + 2*s**2 + 6. Let h be 2*(0 + 3/(-2)). Determine c(h).
-3
Let r(x) = x**3 + 5*x**2 + 10*x + 6. Let h(i) = i**3 + 5*i**2 + 11*i + 6. Let b = 14 - 9. Let g(l) = b*r(l) - 4*h(l). What is g(-4)?
-2
Let n(x) be the second derivative of -x**5/60 - x**4/8 + x**3/3 - 5*x**2/2 + 3*x. Let b(u) be the first derivative of n(u). Let j be 1*-2*5/2. Calculate b(j).
-8
Let c(z) = 2*z**3 + 2*z**3 + 2*z + z**2 + 1 + 6*z**3. Give c(-1).
-10
Let i(o) = 20*o + 5 - 29*o + 4*o**2 + 13*o - o**3. Let p be (4/(-6))/((-2)/15). Give i(p).
0
Let c(o) = 3*o**2 - 13*o + 9. Let s(y) = -y**2 + 4*y - 3. Let t(v) = 3*c(v) + 8*s(v). Calculate t(8).
11
Let m(z) = z**2 + 2*z - 1. Let w = 47 - 51. Give m(w).
7
Let r(x) = 6 - 3 + 0*x**2 - x**2 + 2*x**2 + 6*x. Calculate r(-6).
3
Suppose -5*i - 29 = 26. Let w(q) = 2*q**2 + 9*q - 2. Let t(g) = g**2 + 5*g - 1. Let c(h) = i*t(h) + 6*w(h). Let x(u) = u - 6. Let y be x(6). Calculate c(y).
-1
Let t(f) = -3*f**2 + 6*f + 1. Let q(o) = -8*o**2 + 17*o + 3. Let m(x) = -4*q(x) + 11*t(x). Calculate m(-3).
-4
Suppose 4*u - 5 = -17. Let y be 2/4*(-6)/u. Suppose 2 - y = j. Let v(m) = m**3 + m**2 - m + 1. What is v(j)?
2
Let b(o) = -6*o - 1 + 7*o**2 - 6*o**2 - 2. Let w = 2 - 3. Let t be (w + 0)/(5/(-25)). Calculate b(t).
-8
Suppose -8*h + 5*h = -21. Let s(b) = 0 + 4 - 4 + b. Determine s(h).
7
Let d(h) = h**3 + h - 4. Suppose -10*v - 80 = -5*v. Let r = v + 16. Calculate d(r).
-4
Let c(o) = -o**3 + 3*o**2 + 7*o - 5. Let a be (-6)/(-3)*14/(-4). Let d = a + 11. Calculate c(d).
7
Let z = 4 - 2. Let q(g) = -g**z + 4*g**2 + 1 - g**2. Suppose 3*b = 2*b - 2. What is q(b)?
9
Let y(q) = q. Let d(b) = 7*b - 4. Let f(l) = d(l) - 6*y(l). Suppose 5 = -3*a + 2. Let h be 3/(a + 4) - -4. Calculate f(h).
1
Let b(p) = p. Let o(s) = 40*s. Let u be o(7). Suppose 6*f + 36 = 2*f - 4*k, 4*k = 5*f + 63. Let v be 2/f + u/88. Determine b(v).
3
Let j be (0 - -1)*(-1 - -2). Let t be (0 + 1)/(j/(-3)). Let d(b) be the third derivative of -b**4/8 - b**3/2 + 7*b**2. Calculate d(t).
6
Suppose -p - 2*n = -12, 0 = -2*p + 4*n - 2*n. Suppose -4 = -4*b + 4*t, -3*t - 14 = -4*b - p*t. Let c = b - 0. Let d(x) = -x + 5. Calculate d(c).
2
Let z(u) = -u + 9. Let s be z(0). Let l be (-16)/(-6) + 3/s. Let q(i) = -i**3 + 2*i**2 + 4. Determine q(l).
-5
Sup